 when 469 is divided by 463.
6
Calculate the remainder when 8609 is divided by 82.
81
What is the remainder when 370 is divided by 75?
70
Calculate the remainder when 182 is divided by 6.
2
Calculate the remainder when 4105 is divided by 16.
9
Calculate the remainder when 27033 is divided by 9.
6
What is the remainder when 2761 is divided by 16?
9
What is the remainder when 1557 is divided by 220?
17
Calculate the remainder when 79 is divided by 54.
25
Calculate the remainder when 85 is divided by 42.
1
What is the remainder when 534 is divided by 174?
12
Calculate the remainder when 1199 is divided by 16.
15
What is the remainder when 197 is divided by 25?
22
What is the remainder when 2237 is divided by 735?
32
Calculate the remainder when 98 is divided by 33.
32
What is the remainder when 347 is divided by 111?
14
Calculate the remainder when 689 is divided by 15.
14
Calculate the remainder when 299 is divided by 79.
62
What is the remainder when 198 is divided by 43?
26
Calculate the remainder when 287 is divided by 60.
47
What is the remainder when 215 is divided by 45?
35
Calculate the remainder when 240 is divided by 67.
39
Calculate the remainder when 603 is divided by 231.
141
What is the remainder when 57 is divided by 21?
15
Calculate the remainder when 7550 is divided by 85.
70
What is the remainder when 717 is divided by 72?
69
What is the remainder when 263 is divided by 114?
35
Calculate the remainder when 34 is divided by 13.
8
What is the remainder when 131 is divided by 27?
23
What is the remainder when 162 is divided by 32?
2
Calculate the remainder when 6882 is divided by 22.
18
Calculate the remainder when 199 is divided by 109.
90
Calculate the remainder when 33990 is divided by 7.
5
What is the remainder when 537 is divided by 77?
75
What is the remainder when 69 is divided by 13?
4
What is the remainder when 4174 is divided by 278?
4
What is the remainder when 43 is divided by 2?
1
Calculate the remainder when 1050 is divided by 286.
192
Calculate the remainder when 498 is divided by 28.
22
What is the remainder when 88 is divided by 10?
8
What is the remainder when 335 is divided by 28?
27
Calculate the remainder when 17 is divided by 3.
2
Calculate the remainder when 533 is divided by 89.
88
Calculate the remainder when 644 is divided by 294.
56
What is the remainder when 568 is divided by 6?
4
What is the remainder when 3983 is divided by 24?
23
What is the remainder when 233 is divided by 39?
38
What is the remainder when 7319 is divided by 122?
121
What is the remainder when 87 is divided by 12?
3
Calculate the remainder when 814 is divided by 4.
2
Calculate the remainder when 143 is divided by 53.
37
What is the remainder when 1240 is divided by 185?
130
Calculate the remainder when 262 is divided by 165.
97
Calculate the remainder when 6348 is divided by 127.
125
What is the remainder when 937 is divided by 115?
17
What is the remainder when 1208 is divided by 142?
72
What is the remainder when 3144 is divided by 37?
36
What is the remainder when 2114 is divided by 2?
0
What is the remainder when 1120 is divided by 6?
4
What is the remainder when 404 is divided by 17?
13
What is the remainder when 2520 is divided by 48?
24
Calculate the remainder when 34 is divided by 22.
12
Calculate the remainder when 295 is divided by 99.
97
What is the remainder when 1725 is divided by 9?
6
What is the remainder when 1598 is divided by 98?
30
Calculate the remainder when 241 is divided by 64.
49
What is the remainder when 536 is divided by 102?
26
What is the remainder when 673 is divided by 9?
7
What is the remainder when 62 is divided by 4?
2
Calculate the remainder when 66 is divided by 18.
12
Calculate the remainder when 155 is divided by 116.
39
What is the remainder when 701 is divided by 190?
131
What is the remainder when 9630 is divided by 19?
16
Calculate the remainder when 944 is divided by 25.
19
Calculate the remainder when 805 is divided by 50.
5
What is the remainder when 463 is divided by 16?
15
What is the remainder when 2488 is divided by 16?
8
Calculate the remainder when 299 is divided by 33.
2
What is the remainder when 8469 is divided by 12?
9
What is the remainder when 7430 is divided by 18?
14
Calculate the remainder when 108 is divided by 17.
6
Calculate the remainder when 1048 is divided by 394.
260
Calculate the remainder when 13 is divided by 8.
5
What is the remainder when 9791 is divided by 144?
143
What is the remainder when 96 is divided by 36?
24
What is the remainder when 486 is divided by 29?
22
What is the remainder when 199 is divided by 8?
7
What is the remainder when 5374 is divided by 21?
19
What is the remainder when 619 is divided by 16?
11
Calculate the remainder when 1432 is divided by 160.
152
What is the remainder when 131 is divided by 17?
12
Calculate the remainder when 680 is divided by 16.
8
Calculate the remainder when 52 is divided by 34.
18
Calculate the remainder when 678 is divided by 40.
38
Calculate the remainder when 1277 is divided by 18.
17
Calculate the remainder when 1011 is divided by 170.
161
What is the remainder when 65 is divided by 19?
8
Calculate the remainder when 2543 is divided by 422.
11
What is the remainder when 42 is divided by 5?
2
Calculate the remainder when 486 is divided by 92.
26
Calculate the remainder when 600 is divided by 300.
0
What is the remainder when 242 is divided by 33?
11
Calculate the remainder when 81 is divided by 18.
9
What is the remainder when 2295 is divided by 29?
4
What is the remainder when 197 is divided by 45?
17
Calculate the remainder when 287 is divided by 12.
11
What is the remainder when 529 is divided by 77?
67
What is the remainder when 39 is divided by 6?
3
Calculate the remainder when 1216 is divided by 248.
224
Calculate the remainder when 45111 is divided by 229.
227
Calculate the remainder when 5291 is divided by 351.
26
What is the remainder when 1037 is divided by 27?
11
Calculate the remainder when 213 is divided by 9.
6
Calculate the remainder when 75 is divided by 29.
17
Calculate the remainder when 95 is divided by 48.
47
What is the remainder when 179 is divided by 38?
27
Calculate the remainder when 5570 is divided by 1853.
11
Calculate the remainder when 369 is divided by 88.
17
What is the remainder when 3124 is divided by 157?
141
Calculate the remainder when 217 is divided by 28.
21
Calculate the remainder when 155 is divided by 27.
20
What is the remainder when 1792 is divided by 358?
2
What is the remainder when 4608 is divided by 10?
8
Calculate the remainder when 2626 is divided by 18.
16
Calculate the remainder when 123 is divided by 82.
41
Calculate the remainder when 395 is divided by 34.
21
Calculate the remainder when 1018 is divided by 147.
136
Calculate the remainder when 1563 is divided by 262.
253
What is the remainder when 210 is divided by 73?
64
Calculate the remainder when 140 is divided by 46.
2
Calculate the remainder when 10114 is divided by 35.
34
What is the remainder when 1459 is divided by 20?
19
Calculate the remainder when 266 is divided by 87.
5
Calculate the remainder when 548 is divided by 19.
16
What is the remainder when 1776 is divided by 37?
0
What is the remainder when 84 is divided by 13?
6
Calculate the remainder when 370 is divided by 17.
13
Calculate the remainder when 144 is divided by 15.
9
What is the remainder when 188 is divided by 10?
8
What is the remainder when 117 is divided by 40?
37
Calculate the remainder when 3246 is divided by 14.
12
What is the remainder when 99 is divided by 95?
4
What is the remainder when 4421 is divided by 316?
313
Calculate the remainder when 544 is divided by 55.
49
Calculate the remainder when 122 is divided by 43.
36
Calculate the remainder when 313 is divided by 177.
136
What is the remainder when 342 is divided by 48?
6
Calculate the remainder when 790 is divided by 99.
97
Calculate the remainder when 600 is divided by 290.
20
Calculate the remainder when 466 is divided by 47.
43
What is the remainder when 1728 is divided by 146?
122
What is the remainder when 2735 is divided by 18?
17
Calculate the remainder when 314 is divided by 87.
53
Calculate the remainder when 21418 is divided by 21.
19
What is the remainder